he highest common divisor of 32739 and 21.
21
Calculate the greatest common divisor of 5575 and 2277945.
1115
Calculate the greatest common divisor of 696 and 632838.
174
What is the highest common divisor of 3794591 and 82?
41
What is the greatest common divisor of 9855 and 81?
27
What is the highest common divisor of 37 and 301?
1
What is the greatest common factor of 108 and 238518?
54
What is the highest common divisor of 786 and 26250828?
786
Calculate the highest common factor of 25 and 442075.
25
Calculate the greatest common divisor of 5856 and 137250.
366
Calculate the highest common factor of 35 and 13363.
7
Calculate the greatest common factor of 3474 and 234.
18
Calculate the highest common divisor of 95 and 190285.
95
Calculate the greatest common divisor of 754653 and 138.
69
Calculate the highest common divisor of 310 and 10330905.
155
What is the highest common factor of 24 and 117284?
4
What is the highest common divisor of 108799 and 8?
1
Calculate the greatest common factor of 1686 and 642.
6
Calculate the highest common factor of 70 and 124152.
14
Calculate the greatest common divisor of 130 and 129155.
65
Calculate the greatest common factor of 48 and 805136.
16
Calculate the highest common factor of 16050 and 3015.
15
What is the highest common divisor of 464247 and 21?
21
What is the greatest common divisor of 194669 and 3233?
53
Calculate the greatest common factor of 1345205 and 5.
5
What is the greatest common factor of 342 and 296514?
342
What is the highest common factor of 76 and 16454?
38
Calculate the greatest common divisor of 303666 and 110682.
2838
Calculate the highest common divisor of 34538 and 70.
14
What is the highest common factor of 224 and 438088?
56
What is the greatest common divisor of 33 and 64449?
33
What is the highest common divisor of 4257 and 161293?
473
What is the highest common factor of 8084 and 5687?
47
What is the highest common divisor of 145090 and 10?
10
Calculate the greatest common divisor of 494 and 4238.
26
What is the highest common factor of 93970 and 10?
10
What is the greatest common divisor of 2109 and 28194?
111
What is the highest common divisor of 666 and 167721?
111
Calculate the highest common factor of 1165130 and 555.
185
Calculate the greatest common divisor of 51516 and 252.
36
What is the greatest common factor of 2 and 10937?
1
What is the greatest common factor of 62 and 4636763?
31
Calculate the highest common divisor of 588 and 94080.
588
Calculate the highest common divisor of 62379 and 1044.
261
What is the highest common factor of 1149038 and 29?
29
What is the highest common divisor of 216 and 1608?
24
Calculate the highest common factor of 52 and 69511.
13
Calculate the greatest common factor of 43996 and 1904.
68
Calculate the highest common factor of 73611 and 45.
9
What is the greatest common divisor of 1016 and 1112?
8
Calculate the highest common divisor of 324656 and 352.
16
Calculate the highest common factor of 284 and 130924.
284
What is the highest common divisor of 1785 and 6426?
357
What is the greatest common divisor of 216 and 1324392?
24
Calculate the greatest common factor of 55050 and 400.
50
Calculate the highest common divisor of 524630 and 230.
230
What is the highest common factor of 50 and 555350?
50
What is the greatest common divisor of 11837 and 133?
133
What is the greatest common divisor of 130 and 469885?
65
What is the greatest common divisor of 24553 and 172?
43
What is the greatest common divisor of 164 and 496?
4
What is the highest common factor of 1753964 and 277?
277
What is the greatest common divisor of 262873 and 52?
13
What is the highest common divisor of 525 and 276825?
75
What is the highest common divisor of 3794 and 1876?
14
What is the highest common divisor of 429099 and 99?
33
What is the greatest common factor of 125 and 95650?
25
What is the greatest common factor of 1140 and 1380?
60
Calculate the highest common factor of 33126 and 276.
6
Calculate the highest common factor of 232 and 31204.
116
What is the highest common factor of 184121 and 5278?
203
What is the highest common factor of 17853 and 99?
33
What is the highest common factor of 840 and 137840?
40
What is the greatest common factor of 6298 and 2538?
94
Calculate the highest common factor of 5680 and 66172.
284
What is the highest common factor of 21141 and 58?
29
What is the greatest common factor of 1067832 and 552?
24
What is the greatest common factor of 888400 and 100?
100
Calculate the greatest common divisor of 448 and 17696.
224
Calculate the greatest common divisor of 117408 and 24.
24
Calculate the greatest common divisor of 206154 and 429.
39
What is the highest common factor of 29516 and 752?
188
What is the greatest common divisor of 16068 and 2574?
78
Calculate the greatest common divisor of 96 and 64572.
12
What is the greatest common factor of 221 and 25721?
17
Calculate the greatest common factor of 759 and 60467.
253
What is the greatest common divisor of 1612278 and 657?
657
What is the greatest common factor of 71406 and 234?
18
Calculate the greatest common factor of 1782 and 2816.
22
Calculate the highest common divisor of 15 and 5333655.
15
What is the greatest common factor of 680 and 4860?
20
What is the highest common factor of 166358 and 8028?
446
Calculate the greatest common factor of 25899 and 1335.
267
Calculate the greatest common factor of 689 and 208.
13
Calculate the greatest common factor of 58 and 58957.
29
What is the greatest common divisor of 33530 and 110?
10
Calculate the greatest common divisor of 70 and 28735.
35
What is the highest common factor of 35945 and 57785?
455
Calculate the highest common divisor of 228 and 8904.
12
What is the greatest common divisor of 1716 and 545116?
572
Calculate the highest common factor of 22467005 and 55.
55
What is the highest common factor of 14722 and 68?
34
Calculate the greatest common divisor of 608 and 2048314.
38
Calculate the greatest common factor of 83750 and 5625.
625
What is the highest common factor of 4499 and 2629?
11
Calculate the greatest common divisor of 126074 and 559.
13
Calculate the highest common divisor of 23 and 44413.
23
Calculate the greatest common divisor of 754663 and 182.
91
Calculate the highest common divisor of 279 and 9145.
31
Calculate the highest common divisor of 263500 and 6460.
340
Calculate the greatest common divisor of 1520 and 131060.
20
Calculate the highest common divisor of 100244 and 19.
19
Calculate the greatest common factor of 387 and 76239.
387
What is the highest common factor of 2970 and 11990?
110
What is the greatest common factor of 23 and 201480?
23
What is the highest common divisor of 2600 and 78400?
200
Calculate the greatest common factor of 3975 and 49608.
159
Calculate the highest common divisor of 75658 and 418.
418
Calculate the highest common factor of 295 and 71755.
5
What is the greatest common factor of 4809 and 63?
21
What is the greatest common divisor of 57 and 45315?
57
Calculate the highest common factor of 342 and 245961.
9
What is the greatest common factor of 432 and 879984?
432
What is the highest common factor of 321696 and 11808?
288
Calculate the highest common divisor of 218 and 102133.
109
Calculate the greatest common divisor of 226904 and 8136.
904
What is the greatest common factor of 15 and 866335?
5
Calculate the highest common factor of 2622249 and 126.
63
What is the greatest common factor of 71 and 353580?
71
What is the highest common factor of 2962 and 82?
2
What is the highest common divisor of 3 and 771?
3
What is the highest common divisor of 3848 and 16687?
37
Calculate the highest common factor of 4578 and 154.
14
What is the greatest common divisor of 1748 and 7544?
92
Calculate the highest common divisor of 1643096 and 296.
296
Calculate the highest common divisor of 5841462 and 2948.
1474
Calculate the greatest common factor of 46935 and 3213.
63
What is the greatest common factor of 32205 and 2850?
285
What is the greatest common divisor of 24420 and 180?
60
What is the greatest common divisor of 2198015 and 323?
323
Calculate the greatest common divisor of 8520 and 108.
12
Calculate the highest common factor of 48 and 88344.
24
What is the greatest common div